 5*y - 23. Calculate the remainder when 22/(-5)*25/(-5) is divided by o.
4
Let r = 7 + 3. Suppose -f = 4*p + f + 6, -4*f = -2*p + 22. Let u = r - p. What is the remainder when 17 is divided by u?
8
Let f = 1 - -3. Suppose -5*j - 24 = -q, -80 = -f*q + 3*j + j. Calculate the remainder when q is divided by 7.
5
Suppose 2*n + 7 - 25 = 0. What is the remainder when 70 is divided by n?
7
Let p(r) = -6*r + 2. Let b(q) = q**3 + 5*q**2 - 8*q - 3. Calculate the remainder when b(-5) is divided by p(-3).
17
Suppose -3*m + 43 = -2*m. Let t be 40/18 - (-8)/(-36). Suppose -65 = -3*d + 5*z - z, -50 = -t*d + 4*z. What is the remainder when m is divided by d?
13
Suppose 48 + 222 = 5*r. Calculate the remainder when 321 is divided by r.
51
Suppose -3*r = -8*r + 20. Let i(m) = 5*m + 3 - r + 2*m. Calculate the remainder when 21 is divided by i(1).
3
Suppose 135 = 4*b - 3*p, -5*p - 71 = 3*b - 5*b. Let y = b - 22. Calculate the remainder when y is divided by 6.
5
Let l(f) = f**3 + 6*f**2 + 5*f + 5. Let i be l(-6). Calculate the remainder when (380/i)/(2/(-5)) is divided by 13.
12
Calculate the remainder when 26 is divided by -1 + (6 + 4 - 0).
8
Let w(y) = y**2 + y + 3. Let n be w(0). Suppose 5*i = -2*f + 213, -f + 82 = 2*i + n*f. Calculate the remainder when i is divided by 22.
21
Suppose 9*m - 104 = -4*m. What is the remainder when m is divided by 4?
0
Let f(n) = -5*n**2 - n**3 - n**2 + 9*n + 3*n + 11. Let d(x) = 4*x**2 - 2*x - 1. What is the remainder when f(-8) is divided by d(2)?
10
Let w be 4/(-3)*1*-6. Let x(t) = -3*t**2 + 2*t**2 - w*t + 0 - 4. Calculate the remainder when 5 is divided by x(-7).
2
Let c(p) = p**3 - 6*p**2 + 3*p + 5. Let f(a) = a**2 - 6*a + 1. Let i be f(7). Let g = i + 4. What is the remainder when c(6) is divided by g?
11
Suppose -7*s = -63 - 49. Calculate the remainder when 175 is divided by s.
15
What is the remainder when 0 - -18 - (-12)/(-3) is divided by 6?
2
Suppose 4*q + 17 + 23 = 0. Let a = q - -19. What is the remainder when a is divided by 5?
4
Suppose z - 12 = 4. Suppose 5*p - 36 = p. What is the remainder when z is divided by p?
7
Calculate the remainder when 54 is divided by (112/20)/((-2)/(-5)).
12
Let p = -50 + 111. Let r = p - 24. Suppose 2*l + 0*l = 38. Calculate the remainder when r is divided by l.
18
Let s = 10 - -15. Suppose 3*j = 3*r - 45, -5*r - 3*j = 2*j - s. Calculate the remainder when 27 is divided by r.
7
Let k = 280 - 102. Calculate the remainder when k is divided by 15.
13
Suppose -j + 0*j = -10. What is the remainder when 36 is divided by j?
6
Suppose -4*f = -2*f - 12. What is the remainder when 7 + -1 - f/3 is divided by 3?
1
Let b be (150/12)/(2/8). Suppose b = 4*q - 82. Calculate the remainder when q is divided by 4*-3*6/(-8).
6
Suppose -30*f + 126 = -21*f. Calculate the remainder when 34 is divided by f.
6
Calculate the remainder when (70/(-3) + -2)/(46/(-69)) is divided by 21.
17
Let r(y) = -y + 2*y - 14*y - 9*y. Let v(s) = 43*s. Calculate the remainder when v(2) is divided by r(-1).
20
Let o(m) = -15*m - 156. Let g(n) = 8*n**3 + 2*n**2 + 2*n - 3. Let t be g(2). What is the remainder when -1 + (t - (1 + 1)) is divided by o(-12)?
22
Let q(b) = -2*b + 24. Suppose -2*n - n + 5*f + 218 = 0, -n - 5*f = -66. Calculate the remainder when n is divided by q(0).
23
Suppose 0 = 4*p + 26 - 54. Suppose 3*s = -2*s + 130. What is the remainder when s is divided by p?
5
Let r = 48 + -38. What is the remainder when 36 is divided by r?
6
Let h(y) = -9*y**2. Let p be h(3). Let m = -44 - p. What is the remainder when m is divided by (-3 + 24/9)*3*-13?
11
Suppose 3*l - 19 = -3*y - 2*l, -y + 21 = -2*l. Let j = y + -8. Calculate the remainder when 40 is divided by (14/4)/(j/30).
19
Let q(r) = 2*r**2 - 6*r - 2. Let n(f) = f**2 + 4*f + 6. Let x be n(-4). Let h(j) = j**2 - 5*j - 1. What is the remainder when q(5) is divided by h(x)?
3
Let l be (1/1 - 283) + 2. Let v be -6*(l/6)/5. Suppose -31 = -2*k + 5*p, -5*k + v = 4*p - 5. What is the remainder when 50 is divided by k?
11
Let n = 54 - 22. What is the remainder when (-3)/7 - 1311/(-21) is divided by n?
30
Suppose -5*o + r = -506, -3*o + 413 = -4*r + 106. Calculate the remainder when o is divided by 26.
23
Let c(m) = m**2 - 4. Suppose -17 + 45 = 14*a. What is the remainder when c(3) is divided by a?
1
Let m = -2 - -9. Suppose -m = -o + 5. Calculate the remainder when 35 is divided by o.
11
Let d = 3 - -12. What is the remainder when 31 + 8 - (-3)/1 is divided by d?
12
Let q = 29 - 3. Suppose 16 = 3*x + x. Calculate the remainder when q is divided by ((-7)/2)/((-1)/x).
12
What is the remainder when -4 + 0 - (-28 + -114) is divided by 28?
26
Suppose -3*p = 1 + 23. Suppose 0*a = -4*a + 80. What is the remainder when a is divided by 6 + (-4)/p*2?
6
Let w(c) = c**2 - 7*c - 2. Suppose -x - 1 = 5*u - 26, -3 = -u. What is the remainder when w(x) is divided by 10?
8
Let v = -107 + 122. Let s = -115 + 172. What is the remainder when s is divided by v?
12
Let j be (-38)/(-4) - (-3)/(-6). Let p = j + 2. What is the remainder when 41 is divided by p?
8
Let k = 8 - -3. Let g(l) = l + 2. Let n be g(-2). What is the remainder when -19*(-1 - n) + 1 is divided by k?
9
Suppose -5*k - 4*h - 12 = 0, 0*k = -4*k - 4*h - 12. Suppose k*b - 2*b + 28 = 0. Let y = b + -10. Calculate the remainder when 7 is divided by y.
3
Let j(y) be the third derivative of -y**6/120 - y**5/10 + y**4/24 + y**3/2 + 4*y**2. What is the remainder when j(-7) is divided by 16?
13
Let y = 139 - 114. Calculate the remainder when y is divided by 15.
10
Suppose 3*z + 12 = -2*u - z, 2*z - 34 = 3*u. Let x be (-1)/(-2)*-2*23. Let q = u - x. Calculate the remainder when 37 is divided by q.
11
Let j = -11 - -9. Calculate the remainder when (6/5)/(j/(-15)) is divided by 5.
4
Suppose 2*w = -3*o + 22 + 34, -5*w = -5*o - 115. Suppose -23 = -3*r + 4. What is the remainder when w is divided by r?
7
Let s = 59 - 50. Let l(k) = -2*k - 3. Suppose -2*t + t - 5*w + 16 = 0, 4*t = -w - 12. Calculate the remainder when s is divided by l(t).
4
Suppose b = 2*f + 31, 2*b - 2*f - 93 = -b. Calculate the remainder when b is divided by 21.
10
What is the remainder when 35 is divided by (-6)/4 + (-81)/(-6)?
11
Suppose -52 = -2*p + 148. Suppose 0 = 6*b - 2*b - p. Calculate the remainder when b is divided by 7.
4
Let k = 155 - 128. Calculate the remainder when 132 is divided by k.
24
Suppose -2*f = -f + 9. Let y(z) = z**2 + 6*z - 6. What is the remainder when y(f) is divided by 8?
5
Suppose 4*v - 6 = -3*h, 2*h = -0*h - 3*v + 3. What is the remainder when 23 is divided by h?
5
Suppose -z = -6*z + 100. Let j = 68 + -62. Calculate the remainder when z is divided by j.
2
Suppose 15 = y - 48. Let x = -105 + 178. Suppose -x = -4*n + y. Calculate the remainder when n is divided by 12.
10
Let u(r) be the second derivative of r**5/20 - r**4/3 - r**3/2 + 2*r. Let z be u(-2). Calculate the remainder when 35 is divided by ((-3)/3)/1*z.
17
Suppose 2*v = 3*v + 53. Let b = v - -97. What is the remainder when b is divided by 15?
14
Calculate the remainder when 48 is divided by (-282)/(-22) - (-12)/66.
9
Let z = 60 + -50. Calculate the remainder when 27 is divided by z.
7
Suppose -d + 189 = 5*a, 3*d = -5 + 2. Let x(g) = 10*g**3 + 2*g**2 - 3*g + 1. What is the remainder when a is divided by x(1)?
8
What is the remainder when 435/7 - (-3 - (-22)/7) is divided by 33?
29
Let q be (3 - 4)*(2 + -2). Suppose 38 = -q*u + u. What is the remainder when u is divided by 13?
12
What is the remainder when 79 is divided by (-83)/(-4) - ((-15)/12 + 1)?
16
Let d = -14 - -18. What is the remainder when 15 is divided by d?
3
Let c be (-10)/4*(8 - 22). Suppose -3*u + c = -19. Calculate the remainder when u is divided by 7.
4
Let n(o) = -o**3 + 17*o**2 - 15*o - 1. What is the remainder when 29 is divided by n(16)?
14
Suppose 2*p = 5*v - 319 - 74, 2*v = 3*p + 166. What is the remainder when v is divided by 16?
13
Suppose -7*a = 4*c - 2*a - 154, 199 = 5*c + 3*a. What is the remainder when 78 is divided by c?
37
Suppose -4*q + 33 = -63. Suppose 7*l - q = 3*l. Calculate the remainder when l is divided by 2.
0
What is the remainder when (-65)/(-3) + (-5)/(-15) is divided by 13?
9
Let s = -17 - -47. Let a = 32 - 62. Calculate the remainder when s is divided by a/(-2) - (4 - 5).
14
Let g = -10 + 19. Sup